{"id":193,"date":"2020-07-02T19:05:20","date_gmt":"2020-07-02T19:05:20","guid":{"rendered":"http:\/\/coopespartillar.com.ar\/?page_id=193"},"modified":"2020-07-07T20:50:50","modified_gmt":"2020-07-07T20:50:50","slug":"nosotros","status":"publish","type":"page","link":"https:\/\/coopespartillar.com.ar\/index.php\/nosotros\/","title":{"rendered":"Nosotros"},"content":{"rendered":"\n<h2 class=\"wp-block-heading\">Cooperativa de Provisi\u00f3n de Servicio El\u00e9ctrico,  <br>Obras P\u00fablicas  y Otros Servicios de Espartillar Limitada.<\/h2>\n\n\n\n<p><strong>Direcc\u00edon Provincial de Personas Jur\u00eddicas:<\/strong> Legajo N\u00ba 6344.<br><strong>Instituto Provincial de Acci\u00f3n Cooperativa:<\/strong> Matr\u00edcula N\u00ba 1515.<br><strong>Instituto Nacional de Acci\u00f3n Cooperativa y Mutuales:<\/strong> Matr\u00edcula N\u00ba 4199.<br><strong>AFIP:<\/strong> Cuit N\u00ba 33-54575114-9 <\/p>\n\n\n\n<h3 class=\"wp-block-heading\">PERSONAL<\/h3>\n\n\n\n<p><strong>GERENTE.<\/strong><br>Lic. Javier Montes.<br><\/p>\n\n\n\n<p><strong>ADMINISTRATIVOS.<\/strong><br>Cr. Cecilia Platz.<br>Leonel Trech.<br>Mar\u00eda del Carmen Dukardt.<br><\/p>\n\n\n\n<p><strong>SERVICIO ELECTRICO Y DE AGUA POTABLE.<\/strong><br>Ariel Glock.<br>Claudio Kriger.<br>Emiliano Vaylet<br>Ezequiel Platz<br>Fernando Gomez.<br>Iv\u00e1n \u00c1lvarez.<br><\/p>\n\n\n\n<p><strong>SERVICIO DE TELEFONIA, INTERNET Y TELEVISION.<\/strong><br>I\u00f1aki Haal<br>Mauro Aguilar.<br><\/p>\n\n\n\n<h3 class=\"wp-block-heading\">ASESORAMIENTO PROFESIONAL<\/h3>\n\n\n\n<p><strong>AUDITOR.<\/strong><br>Cr. Sebasti\u00e1n Murray<br><\/p>\n\n\n\n<p><strong>ASESOR\u00cdA LEGAL.<\/strong><br>DR. Mariano Ruesga<br><\/p>\n\n\n\n<p><strong>INFORM\u00c1TICA.<\/strong><br>Duckardt, Riccitelli &amp; Asoc.<br><\/p>\n\n\n\n<p><strong>ASESOR\u00cdA T\u00c9CNICA.<\/strong><br>Ing. El\u00e9c. Carlos Villoria<br><\/p>\n\n\n\n<p><strong>SOPORTE INTERNET.<\/strong><br>Communication Partner<br><\/p>\n\n\n\n<p><strong>SEGURIDAD E HIGIENE.<\/strong><br>Ing. Pablo Garnica<\/p>\n","protected":false},"excerpt":{"rendered":"<p>Cooperativa de Provisi\u00f3n de Servicio El\u00e9ctrico, Obras P\u00fablicas y Otros Servicios de Espartillar Limitada. Direcc\u00edon Provincial de Personas Jur\u00eddicas: Legajo N\u00ba 6344.Instituto Provincial de Acci\u00f3n Cooperativa: Matr\u00edcula N\u00ba 1515.Instituto Nacional de Acci\u00f3n Cooperativa y Mutuales: Matr\u00edcula N\u00ba 4199.AFIP: Cuit N\u00ba 33-54575114-9 PERSONAL GERENTE.Lic. Javier Montes. ADMINISTRATIVOS.Cr. Cecilia Platz.Leonel Trech.Mar\u00eda del Carmen Dukardt. SERVICIO ELECTRICO Y&hellip;<\/p>\n","protected":false},"author":1,"featured_media":0,"parent":0,"menu_order":0,"comment_status":"closed","ping_status":"closed","template":"","meta":{"footnotes":""},"_links":{"self":[{"href":"https:\/\/coopespartillar.com.ar\/index.php\/wp-json\/wp\/v2\/pages\/193"}],"collection":[{"href":"https:\/\/coopespartillar.com.ar\/index.php\/wp-json\/wp\/v2\/pages"}],"about":[{"href":"https:\/\/coopespartillar.com.ar\/index.php\/wp-json\/wp\/v2\/types\/page"}],"author":[{"embeddable":true,"href":"https:\/\/coopespartillar.com.ar\/index.php\/wp-json\/wp\/v2\/users\/1"}],"replies":[{"embeddable":true,"href":"https:\/\/coopespartillar.com.ar\/index.php\/wp-json\/wp\/v2\/comments?post=193"}],"version-history":[{"count":5,"href":"https:\/\/coopespartillar.com.ar\/index.php\/wp-json\/wp\/v2\/pages\/193\/revisions"}],"predecessor-version":[{"id":230,"href":"https:\/\/coopespartillar.com.ar\/index.php\/wp-json\/wp\/v2\/pages\/193\/revisions\/230"}],"wp:attachment":[{"href":"https:\/\/coopespartillar.com.ar\/index.php\/wp-json\/wp\/v2\/media?parent=193"}],"curies":[{"name":"wp","href":"https:\/\/api.w.org\/{rel}","templated":true}]}}

<h2 class="wp-block-heading">Cooperativa de Provisión de Servicio Eléctrico,  <br>Obras Públicas  y Otros Servicios de Espartillar Limitada.</h2>



<p><strong>Direccíon Provincial de Personas Jurídicas:</strong> Legajo Nº 6344.<br><strong>Instituto Provincial de Acción Cooperativa:</strong> Matrícula Nº 1515.<br><strong>Instituto Nacional de Acción Cooperativa y Mutuales:</strong> Matrícula Nº 4199.<br><strong>AFIP:</strong> Cuit Nº 33-54575114-9 </p>



<h3 class="wp-block-heading">PERSONAL</h3>



<p><strong>GERENTE.</strong><br>Lic. Javier Montes.<br></p>



<p><strong>ADMINISTRATIVOS.</strong><br>Cr. Cecilia Platz.<br>Leonel Trech.<br>María del Carmen Dukardt.<br></p>



<p><strong>SERVICIO ELECTRICO Y DE AGUA POTABLE.</strong><br>Ariel Glock.<br>Claudio Kriger.<br>Emiliano Vaylet<br>Ezequiel Platz<br>Fernando Gomez.<br>Iván Álvarez.<br></p>



<p><strong>SERVICIO DE TELEFONIA, INTERNET Y TELEVISION.</strong><br>Iñaki Haal<br>Mauro Aguilar.<br></p>



<h3 class="wp-block-heading">ASESORAMIENTO PROFESIONAL</h3>



<p><strong>AUDITOR.</strong><br>Cr. Sebastián Murray<br></p>



<p><strong>ASESORÍA LEGAL.</strong><br>DR. Mariano Ruesga<br></p>



<p><strong>INFORMÁTICA.</strong><br>Duckardt, Riccitelli &amp; Asoc.<br></p>



<p><strong>ASESORÍA TÉCNICA.</strong><br>Ing. Eléc. Carlos Villoria<br></p>



<p><strong>SOPORTE INTERNET.</strong><br>Communication Partner<br></p>



<p><strong>SEGURIDAD E HIGIENE.</strong><br>Ing. Pablo Garnica</p>

<p>Cooperativa de Provisión de Servicio Eléctrico, Obras Públicas y Otros Servicios de Espartillar Limitada. Direccíon Provincial de Personas Jurídicas: Legajo Nº 6344.Instituto Provincial de Acción Cooperativa: Matrícula Nº 1515.Instituto Nacional de Acción Cooperativa y Mutuales: Matrícula Nº 4199.AFIP: Cuit Nº 33-54575114-9 PERSONAL GERENTE.Lic. Javier Montes. ADMINISTRATIVOS.Cr. Cecilia Platz.Leonel Trech.María del Carmen Dukardt. SERVICIO ELECTRICO Y&hellip;</p>
